3*n. Calculate the highest common factor of m and y.
5
Suppose 6*j - 63 = -9. What is the highest common divisor of 45 and j?
9
Let p be (-6)/(-6) - (1 + 0). Suppose b = -p + 4. Suppose 4*s - 44 = b. What is the greatest common divisor of 30 and s?
6
Let f(k) = 5*k + 14. Let x be f(6). Calculate the highest common divisor of x and 11.
11
Let w = 105 - 94. What is the greatest common divisor of 77 and w?
11
Suppose -78 + 18 = -3*d + w, 0 = 5*d - w - 102. Calculate the greatest common divisor of 84 and d.
21
Let v(t) = t**3 - 5*t**2 + t. Suppose -2*h = -1 - 9. Let q be v(h). Let k = -40 - -80. Calculate the greatest common factor of q and k.
5
Suppose -8 = -4*m + 80. Suppose -12*v + 13*v - m = 0. Suppose 110 = 2*l - 0*l. Calculate the highest common divisor of l and v.
11
Let j be (156/14)/((-21)/(-147)). Calculate the highest common factor of 52 and j.
26
Suppose 0 = -2*t - 5*w + 49, 4*w - 20 = -t + 3*w. Calculate the highest common divisor of t and 51.
17
Let t be (-10)/25 - 28/5. Let s = t + 10. Suppose s*v + 0*v + 5 = -3*p, 0 = -5*p + 5*v + 15. Calculate the greatest common divisor of p and 9.
1
Let k(v) = 2*v**3 + 20*v**2 - 4*v + 10. Let b be k(-10). Suppose 0 = 5*m - 2*m + 153. Let d be 1/(-2) + m/(-2). Calculate the greatest common factor of d and b.
25
Let a(g) = -6*g + 55. Let x be a(8). Calculate the greatest common factor of x and 56.
7
Suppose -91 = -5*r - 3*i, -3*r + i = -8*r + 97. Calculate the highest common divisor of 60 and r.
20
Let p be (-2066)/(-11) + 24/132. Let z be (p/16 - 2)*4. Let l(d) = -3*d**3 + d**2 - 2. Let f be l(-2). What is the highest common divisor of f and z?
13
Let l(y) = -34*y**3 - y**2. Let r be l(-1). Suppose 9*b - 236 - 358 = 0. Calculate the highest common divisor of b and r.
33
Suppose 2*v + 9 = -3*l - 6, 0 = 2*v - 2*l. Let w be v/((-18)/4)*-18. Let q = 20 + w. Calculate the highest common factor of q and 64.
8
Let c be (-92)/(-14) - (-6)/14. Calculate the highest common divisor of c and 56.
7
Let x be (-6)/9*-84*3. Calculate the highest common divisor of x and 24.
24
Let u(x) be the first derivative of -x**3/3 - 9*x**2/2 - 4*x - 2. Let j be u(-6). What is the greatest common divisor of 14 and j?
14
Let m be (106/(-6))/(4/(-12)). Suppose 3*p + z + m = 162, -z = -p + 31. Calculate the highest common divisor of 14 and p.
7
Let p = -26 - -44. What is the highest common divisor of 12 and p?
6
Let s(l) = -l**3 - 3*l**2 - 2*l - 1. Let b be s(-3). Suppose 4*o = b*o - 5. Let j = 1 + 4. What is the greatest common factor of j and o?
5
Let j be (-2)/8 + (-9)/(-4). Let l = 6 - j. Calculate the highest common divisor of 36 and l.
4
Suppose -2*l + 1 = -7. Let m be (0 + 2)*(-5)/(-10). Suppose f = 7*a - 3*a - 3, 0 = -f + 2*a - m. What is the highest common factor of l and f?
1
Suppose 4*p = -20, -4*k = -p - 106 - 75. Calculate the greatest common divisor of k and 176.
44
Let z be (32/12)/(4/(-54)). Let m = -24 - z. Suppose d + 13 = 49. What is the greatest common divisor of d and m?
12
Suppose -18 = 9*q - 153. What is the highest common factor of q and 75?
15
Suppose 2*a - 6 = -0. Let k(j) = j**3 - 11*j**2 + j - 10. Let h be k(11). What is the highest common factor of a and h?
1
Suppose -2 = -4*t + 7*t - 5*i, -i - 8 = -2*t. Calculate the highest common divisor of 12 and t.
6
Let m = 5 - 0. Let a(w) = w**2 - 3. Let f be a(4). Let j = f - -32. What is the greatest common factor of m and j?
5
Suppose -q = 2*q - 15. Suppose -w - q = -35. Suppose -6 = v - w. Calculate the highest common divisor of v and 6.
6
Let q = 344 - 124. What is the greatest common divisor of 20 and q?
20
Let i(u) = 11*u**2 + 6*u - 3. Let a be i(6). Calculate the greatest common factor of a and 39.
39
Let v = -5 + 13. Calculate the greatest common factor of 56 and v.
8
Let a(l) = 5*l + 1. Let y(p) = p**2 + p + 1. Let u be y(-2). Let j be a(u). Let m be (8 + -7)*(-1 + 9). What is the greatest common factor of j and m?
8
Let s = 57 - -13. Let q = -22 - -2. Let b be (1 - 5)/(8/q). Calculate the highest common divisor of b and s.
10
Let l = -40 + 68. Calculate the greatest common factor of 14 and l.
14
Suppose -5*k + 4*l = -188, 0*l = 4*k - l - 157. Calculate the highest common divisor of 5 and k.
5
Suppose 0 = -11*z + 9*z + 126. Calculate the greatest common divisor of z and 9.
9
Let u = 8 + -6. Suppose -7*g + u*g + 120 = 0. What is the greatest common factor of 60 and g?
12
Let j be (-7)/(-1) - (-4 - -6). Suppose -5*l = 4*c - 120, -3*l - 3*c + j*c = -50. Calculate the greatest common factor of 30 and l.
10
Let h(a) = a + 12. Let l be h(-8). Let p be (l/(-6))/(2/(-60)). Calculate the greatest common divisor of p and 30.
10
Suppose 2*h + 4*l = -2*h + 40, 3*l = 4*h - 26. Calculate the highest common divisor of h and 8.
8
Let h(y) = -5*y - 9. Let m be h(-6). What is the greatest common factor of m and 14?
7
Suppose 0 = y - 0*y - 22. Let h = y - 6. What is the greatest common divisor of 112 and h?
16
Suppose -2*h + 0*h + 118 = 0. Let o = -27 + h. Suppose -o = -2*s - 8. What is the greatest common factor of s and 4?
4
Let w = 24 + -17. Let h(n) = n**2 + 6*n + 1. Let a be h(-9). Calculate the greatest common divisor of w and a.
7
Let p be 5*3/((-30)/4). Let c be 2 + p - (-2 + 0). Suppose 0 = -v - 2 + 4. Calculate the greatest common divisor of c and v.
2
Let g(s) = -s**3 + 9*s**2 - 9*s + 10. Let j be g(8). Let h(u) = u + 55*u**2 - j + 2. Let o be h(1). Calculate the highest common divisor of o and 8.
8
Suppose -2*h - 176 = -4*h. Let c be 5 + 3 + 6 - 6. Calculate the highest common factor of h and c.
8
Let f be 55*(-2 + 24/10). What is the highest common factor of f and 33?
11
Suppose -3 - 1 = -4*r - 4*l, -21 = -5*r + 3*l. What is the greatest common factor of r and 6?
3
Suppose -4*t + 443 = -5*h, 5*h + 107 = t - 0*h. Calculate the greatest common factor of t and 14.
14
Suppose 0 = -8*a + 3*a + 20. Suppose w = 4, 2*n - a*w + 472 = 5*n. What is the greatest common factor of 19 and n?
19
Suppose -5*w = 5*h - 380, 2*w - 2*h = h + 157. Suppose 0 = -4*m - 26 - 14. Let b = m - -17. What is the highest common divisor of b and w?
7
Let f(p) = 39*p - 8. Let i be f(5). Calculate the highest common factor of i and 17.
17
Suppose -20 = a - 2*a. Let h be (-6)/(-21) - 3860/(-14). Suppose 3*y - 3*c = h, 0 = -7*c + 2*c - a. What is the highest common divisor of y and 8?
8
Let d(l) = -9*l - 18. Let f be d(-6). What is the greatest common divisor of f and 36?
36
Let d be (1/(-3))/(2/(-54)). Calculate the greatest common factor of d and 45.
9
Let n = -223 + 333. Let q be (2 + 1)/(3/n). What is the highest common factor of 10 and q?
10
Let y be (-4)/12 + (-160)/6. Let c(o) = -11*o**2 + o + 1. Let r be c(2). Let s = y - r. Calculate the greatest common factor of s and 35.
7
Suppose -2*y + 102 = -88. Let s = -272 + 462. Suppose s - 38 = 4*o. What is the greatest common divisor of y and o?
19
Suppose 2*x + 2 = 3*x. Suppose 2*y - 71 = y + x*k, 0 = -2*y + k + 157. What is the highest common factor of y and 54?
27
Suppose 0 = 2*r - 0*r - 14. Let i be 10/(-35) - (-30)/r. Calculate the highest common divisor of i and 24.
4
Suppose -2*h - 5*i = -21, -4*h + 35 = -2*i - 19. Calculate the highest common divisor of 78 and h.
13
Let o = 9 + -7. Let z(w) = 7*w**3 + 2*w**2 - w - 2. Let y be z(o). What is the highest common divisor of 24 and y?
12
Let y(q) = q**2 - 7*q - 6. Let j be y(-4). Calculate the highest common divisor of j and 19.
19
Suppose 0 = -0*l - 2*l + 10. Let d = -3 + l. What is the highest common divisor of 3 and d?
1
Suppose -n + 99 = 10*n. What is the highest common divisor of 9 and n?
9
Let i(y) = -12*y + 17. Let h be i(-5). Calculate the highest common factor of 7 and h.
7
Let n(f) = f**3 - 15*f**2 - 8*f + 4. Let o be n(16). Calculate the greatest common factor of 12 and o.
12
Let j = 15 - 10. Suppose j*p - 3*p = 60. Calculate the greatest common factor of 45 and p.
15
Suppose 4*v - 163 - 45 = 0. Suppose -s - 8 = -a, 0 = -2*s + 13 - 3. Calculate the highest common divisor of v and a.
13
Let u = -234 + 410. What is the highest common divisor of 44 and u?
44
Suppose -4*j + 28 = 2*g, -2*g - 2*j = -j - 16. What is the highest common factor of g and 15?
3
Let t = 99 - 49. Calculate the greatest common divisor of 10 and t.
10
Let r(c) = -10*c + 45. Let o(v) = v - 5. Let g(q) = 5